9
In base 7, what is -5 - 125066102?
-125066110
In base 15, what is 1d6535 - 18?
1d651c
In base 3, what is -1112 - 10200121011?
-10200122200
In base 15, what is 7ce1 - 33a?
79a6
In base 11, what is a560358 + 10?
a560368
In base 13, what is -11 - -9c721a?
9c7209
In base 8, what is -1051243 - -1045?
-1050176
In base 8, what is -744 + -153204?
-154150
In base 7, what is -5 + 63254662?
63254654
In base 11, what is -2 - -1a09597?
1a09595
In base 9, what is -13 + -6140363?
-6140376
In base 16, what is 168b3 - 619?
1629a
In base 8, what is -22 - 1261076?
-1261120
In base 7, what is -116546 - 1550?
-121426
In base 3, what is 11 - -11022120020012?
11022120020100
In base 14, what is -c - 2926a8?
-2926b6
In base 7, what is 6514160 - 2530?
6511330
In base 4, what is -312 - -3231220320?
3231220002
In base 14, what is -17c3b + 2771?
-154aa
In base 5, what is -4431240 - 2?
-4431242
In base 12, what is -105215499 - -4?
-105215495
In base 10, what is 164 - 77194?
-77030
In base 6, what is 244052111 - -4?
244052115
In base 4, what is 3 - 2212223330300?
-2212223330231
In base 8, what is -15 + -21514145?
-21514162
In base 13, what is 15c - 43a4?
-4245
In base 6, what is 10113244 + -121?
10113123
In base 4, what is -2230121 - 100?
-2230221
In base 11, what is -502369856 - -3?
-502369853
In base 9, what is -2802 + -10277?
-13180
In base 12, what is 6 - 60b132?
-60b128
In base 13, what is 3822 + 15788?
192aa
In base 5, what is -101030011320 - -41?
-101030011224
In base 13, what is -2b - 92aa71?
-92aa9c
In base 9, what is 410 + 5337?
5747
In base 13, what is -79392881 + -5?
-79392886
In base 4, what is -12302102 - -3103?
-12232333
In base 5, what is -4 + 1211140304?
1211140300
In base 9, what is -20 - -1254623?
1254603
In base 6, what is -20132113433 - -4?
-20132113425
In base 2, what is -1100110 - -110101011100001011111?
110101011011111111001
In base 12, what is 31 - -9120b?
91240
In base 13, what is -4c001 - 8b4?
-4c8b5
In base 12, what is 14 + 102799?
1027b1
In base 12, what is -281 + -b2033?
-b22b4
In base 3, what is -1212201221201 + -2222?
-1212202001200
In base 14, what is -67db + -195?
-6992
In base 6, what is -2422244334 - -31?
-2422244303
In base 6, what is -51450 + -55?
-51545
In base 5, what is -113312 - -13311?
-100001
In base 3, what is 2 + 212102200211?
212102200220
In base 7, what is -2 + 51642350?
51642345
In base 10, what is 155909163 - -1?
155909164
In base 3, what is -1210 + 1210210000212?
1210202222002
In base 9, what is -5727 - -25?
-5702
In base 13, what is -bc6 - -c81?
88
In base 12, what is 24a7a18 - 6?
24a7a12
In base 9, what is -6047846 - -17?
-6047828
In base 10, what is -2803 - 109358?
-112161
In base 9, what is 1 - 8538252?
-8538251
In base 7, what is -231 - -1266410?
1266146
In base 5, what is 1103 - -1131104?
1132212
In base 10, what is -136754 - 48?
-136802
In base 6, what is -4 + -12132405003?
-12132405011
In base 13, what is -1 + -8a71ab7?
-8a71ab8
In base 7, what is 12323263 - 662?
12322301
In base 5, what is -132 - 1121434242?
-1121434424
In base 7, what is -2 + 115101520?
115101515
In base 14, what is -1540 - -2380?
c40
In base 2, what is 11101 + 10010111111000110?
10010111111100011
In base 11, what is 1 - -56a0122?
56a0123
In base 6, what is 201125121 - -44?
201125205
In base 6, what is -43422004 - 10?
-43422014
In base 12, what is -80b67b02 - -5?
-80b67ab9
In base 6, what is -103544 - -3350?
-100154
In base 5, what is 21132 - -122131?
143313
In base 2, what is -1 + 101111001100110110100001100?
101111001100110110100001011
In base 10, what is -361 - 6837?
-7198
In base 10, what is -23327 - 117?
-23444
In base 15, what is 14 - -e5d0?
e5e4
In base 2, what is -10000001010011 - -1001010011001?
-110110111010
In base 4, what is -1223331023 - 3233?
-1230000322
In base 15, what is -113 - 208985?
-208a98
In base 15, what is -691 + 906d?
88cc
In base 13, what is -174 - -38b955?
38b7b1
In base 8, what is 40650755 - 5?
40650750
In base 12, what is -4 - -21a44a7?
21a44a3
In base 8, what is -75325700 - -1?
-75325677
In base 15, what is -57 + 7649?
75e2
In base 9, what is 0 + -2675484?
-2675484
In base 12, what is -35b3943 - 5?
-35b3948
In base 4, what is -1331 - -110330031?
110322100
In base 16, what is -ac5 - f442?
-ff07
In base 2, what is -1100001101011011 - 1100111?
-1100001111000010
In base 2, what is -111011000100111100100 - -11001?
-111011000100111001011
In base 7, what is -1632 - 110?
-2042
In base 7, what is 43564220115 - 2?
43564220113
In base 12, what is -b132 - -359?
-a995
In base 16, what is 46d7ee5 - -5?
46d7eea
In base 8, what is -12 - -604567174?
604567162
In base 10, what is -1234643 + 4?
-1234639
In base 11, what is -56848 - 1836?
-58583
In base 7, what is -50633265 - -50?
-50633215
In base 15, what is -5 + -683676?
-68367b
In base 10, what is 99224146 + 1?
99224147
In base 11, what is -24 - -2050533?
205050a
In base 13, what is -43b72 + -2a8?
-4414a
In base 4, what is -202233323323 - -220?
-202233323103
In base 8, what is -213 - 541566?
-542001
In base 9, what is -1 + 24632370?
24632368
In base 5, what is -3030441233 - 1023?
-3030442311
In base 5, what is -2040444 - 4002?
-2100001
In base 11, what is -36a818 + 52?
-36a776
In base 14, what is 575a - 16121?
-107a5
In base 16, what is -1be95e + -3?
-1be961
In base 10, what is 206489676 - 5?
206489671
In base 9, what is 27188 - 7255?
18833
In base 7, what is 550 + 2355362?
2356242
In base 12, what is -115a + 2a723?
29585
In base 8, what is -54543666 + -2?
-54543670
In base 11, what is a + -15225979?
-1522596a
In base 14, what is 1223 - -992?
1bb5
In base 7, what is -21 - -1034063630?
1034063606
In base 14, what is 4b85db + 3c?
4b8639
In base 11, what is 10aa + 8023?
9122
In base 10, what is -2175 - -164928?
162753
In base 14, what is 16c194a6 + -6?
16c194a0
In base 3, what is 1200000 + -221211?
201012
In base 16, what is -5cc9 + -5db?
-62a4
In base 11, what is 2 + -2a66145?
-2a66143
In base 2, what is -10110111010011110010011000 + -101?
-10110111010011110010011101
In base 13, what is 10 - -9b450?
9b460
In base 2, what is -111011111101111011011101 - 101011?
-111011111101111100001000
In base 4, what is -113331 + 11303030?
11123033
In base 12, what is 4180993 - a?
4180985
In base 15, what is 2b540 - -7?
2b547
In base 14, what is -77 - -7b04?
7a6b
In base 8, what is 15534 + 33736?
51472
In base 6, what is -1141 - 1025?
-2210
In base 4, what is -2303 - -10200230130?
10200221221
In base 15, what is -971c8 + -35?
-9720d
In base 10, what is -1332 - -1546?
214
In base 5, what is 40224423 - 3401?
40221022
In base 5, what is -10032221 + 14410?
-10012311
In base 15, what is 92cb - 255?
9076
In base 12, what is 3a53 - -6022?
9a75
In base 7, what is -6541104 - -51?
-6541023
In base 2, what is 111000 - -10101000101001010011?
10101000101010001011
In base 8, what is -1406 + 16031?
14423
In base 15, what is -503 + 1016?
a13
In base 14, what is 10750852 - -3?
10750855
In base 9, what is -100474704 - 4?
-100474708
In base 11, what is 23 - -138317?
13833a
In base 9, what is 4 - 8434205?
-8434201
In base 7, what is -33 - -16441505?
16441442
In base 3, what is 201110100020201 + 221?
201110100021122
In base 13, what is -108318a + -18?
-10831a5
In base 15, what is d1 + -4dc86?
-4dba5
In base 8, what is 65 + -27121410?
-27121323
In base 3, what is 1000111 - -201120212?
202121100
In base 9, what is -2 + 110363334?
110363332
In base 16, what is 496b + 76?
49e1
In base 5, what is 31242030403 - 120?
31242030233
In base 11, what is 1831 - -23075?
248a6
In base 16, what is -d + -2954d91?
-2954d9e
In base 3, what is -20 - 10122101012100?
-10122101012120
In base 14, what is -1 + -356b6?
-356b7
In base 10, what is 54998 - -270?
55268
In base 7, what is 210541414 - 4?
210541410
In base 14, what is 2c51661 + -1?
2c51660
In base 9, what is -8 - -2835126?
2835117
In base 13, what is 1230b996 - a?
1230b989
In base 15, what is -5300 + -51?
-5351
In base 6, what is -3041 - -3334?
253
In base 5, what is -234321033310 - -2?
-234321033303
In base 4, what is 11 + -1213322002011?
-1213322002000
In base 10, what is -66 - -474170?
474104
In base 14, what is 11648330 - 4?
1164832a
In base 3, what is -200 - -2102020011220?
2102020011020
In base 9, what is -58400 - -526?
-57763
In base 5, what is -243133133 + -14?
-243133202
I